+ -2 + -113 - ((-5 - (-27 + 29)) + -5)
-101
Evaluate -8 + 7 - -5 - 5 - ((-50 - 1) + 13).
37
7 - 21 - 30 - (-52 + -4)
12
What is the value of (52 + -26 + -10 - 11) + -29?
-24
Evaluate -10 - (-1 - -3) - (-2385 - -2398).
-25
Calculate -11 + (0 - 0) + (53 - (-5 + -26 + 45)).
28
0 + 0 - 2 - (3843 - 3849)
4
(-226 - -180) + 28 + -54
-72
Calculate -2 + 4 + (-33 - -31) + 36.
36
Calculate -119 + 161 - 43 - 48.
-49
What is the value of (-3 + (0 - -9) - -108) + -64 + 50?
100
(311 - 357) + (6 - (5 - 4)) + -10
-51
Evaluate 0 - 48 - (18 + (12 - -1)).
-79
What is the value of (-93 - (-18 - -4)) + (-2 + -6 + 1 - -12)?
-74
Evaluate 6 + -42 - (-17 + 15 + -69).
35
Calculate 5 - (-2 + -2 + -6 + 28 + 4).
-17
What is -5 - (-21 - 0) - (221 - 227)?
22
Evaluate 6 + -1 - ((121 - 40) + -111).
35
Evaluate 8 + 14 + -15 + (11 - 53).
-35
Evaluate -23 + -1 + -3 + (28 - (-42 - (-19 + -42))).
-18
3 + -1 - (-109 - -2) - (235 - (-312 + 533))
95
What is 37 + (-44 - -38) - 24?
7
What is -13831 - -13793 - (-1 - 1 - -36)?
-72
What is -25 + 30 - 44 - 40?
-79
(1 - -52 - (-80 - -83)) + 35
85
What is 9 - (100 + -84 + -48 + 4)?
37
Evaluate -21 + (28 - -39) + -117.
-71
What is the value of 0 + (-28 - 25 - -29) - 95?
-119
Calculate -66 + 3 + (7 - 14) + 22.
-48
What is the value of 10 + -29 + (-1 - -42) + -14?
8
What is 5 + 6 - 42 - (-5 - 38)?
12
What is the value of (2 - -11) + -4 + (7 - (-5 + -4)) + -9?
16
What is -3 + (-5 - -38) + (-2 - 20)?
8
Calculate 0 + (-24 + 25 + 22 - 34).
-11
What is 313 + -308 + (5 - (6 + -65) - -5)?
74
What is -15 + -49 + 82 - 68?
-50
Evaluate (81 + -79 - 35) + 36.
3
Calculate 4 - ((79 - -63) + -73).
-65
-3 + (4 + -21 - (-12 - -19))
-27
Evaluate -2858 + 2859 - (0 + -5 + 88).
-82
(0 - (2 + 15)) + -237 + (231 - 97)
-120
What is -60 + (5 - (1 + (5 - (-12 - -9))))?
-64
What is -23 + 20 + (1 - -9) + -17 + -6?
-16
(-14 - -50 - 1) + -86
-51
What is 18 - (-26 - (-188 + 64))?
-80
What is (0 - 1) + (17 + 22 + -20 - 30)?
-12
Calculate -1 - (-5 - -2) - (-5 - (13 + 9 + -35)).
-6
Calculate ((2 - 1) + 148 - (868 - 857)) + (-16 - -1).
123
Evaluate (-2 - -13) + -1 - (14 + (12 - 7 - -20)).
-29
Calculate 2 - ((-3 - 18) + 0) - 34.
-11
Calculate -61 - -80 - (302 + -194).
-89
What is -5 - (-15 - (-24 + 4 + 10 + 2))?
2
What is the value of ((1 - 11) + 4 - (34 - 5)) + (-34 - -24)?
-45
Evaluate (-16 - -3 - -12 - -10) + -9 - 24.
-24
-21 + -21 + 10 + -12 + 11 - 2
-35
What is -1 - 1 - (-5 + (17 - (9 - -31)) - -12)?
14
What is 98 - (300 + -155 - -96)?
-143
Calculate 84 + -1 + (47 - 87).
43
Calculate -17 - -3 - (-14 + 23 - (5 + -5 + 12)).
-11
Evaluate 0 + 5 + (531 - 537) + 15.
14
Calculate (-6 - -30) + -16 + 2 + 18.
28
Evaluate -39 + -49 + 70 + -22.
-40
What is 10 + 5 + 2 + (28 - 37) + -20?
-12
Evaluate ((8 - 10) + -4 - (-3 + 6 - 16)) + 31.
38
Evaluate -25 + 10 - (-14 + 16).
-17
0 - (-1 + (15 - -1)) - (-2379 - -2387)
-23
-70 + (63 - -6) - (-17 + 2) - (0 + -90)
104
What is the value of 29 + -126 + 29 + 55?
-13
0 - (4 + 68 + -24)
-48
What is 10 + -70 + 1 + (10 - -6) - 4?
-47
(-46 - -24) + 12 + -11
-21
Calculate (13 - (-28 - -37)) + -42 - (-1 + -17).
-20
19 - 35 - (94 - -32)
-142
Evaluate 12 + (-7 - 66 - 4) + -47 + 33.
-79
Evaluate (34 - -223) + -235 - (0 - -151).
-129
Evaluate 48 - (12 - (-3 + (2 - (-4 - (3 + -5))))).
37
-104 + 61 + (-4 - -64)
17
Evaluate 54 + -46 + 1 + -8 + 9 + -31.
-21
What is 20 + (-16 + -18 - -11 - -14) + -16?
-5
Calculate 14 + 49 + -19 + -77.
-33
Evaluate (1 - -21) + 38 + -6 + (-29 - -20) + -34.
11
What is the value of (-63 + 85 - 25) + 32?
29
(13 - 0 - (-23 - (4 + -6))) + 17
51
What is -70 - -24 - (-139 + 181)?
-88
Calculate 2297 - 2234 - (32 - 2).
33
What is the value of (29 - 35) + 38 + (1 - 16)?
17
Calculate -7 + -4 + 22 + -21 - -75.
65
Evaluate (1 + -1 - -1) + -74 - (-22 - (1 + -29)).
-79
What is the value of 25 + -2 + (54 - (97 - 58))?
38
Calculate 11 + (5 - 29) - (-9 + -2) - -10.
8
What is 0 + (-4 - -8 - 31 - -6) - -7?
-14
Evaluate 1 + 17 - (-71 + (36 - -20)).
33
Evaluate -43 - (6 + -14 + -39) - (-14 - (4 + -2)).
20
-6 - (-1 + -3) - (-11 + 43 - -8)
-42
Calculate -86 + 27 + -11 + -85.
-155
32 + -14 + (-4 - (-8 - -2) - -26)
46
Calculate (-46 + 7 - -70) + -19 - -10.
22
Evaluate 72 - 46 - (-8 + 3 - (3 - 4 - -4)).
34
What is the value of 1 - (-3 - 44) - (-68 - 23 - -100)?
39
Evaluate (5 - 1) + 1 - (-101 - (-96 + 49 + -44)).
15
What is -15 + 13 - 10 - 23 - -17?
-18
81 + -46 + -138 + 140
37
Calculate 62 + 2 + (-15 - 2) + -2.
45
Evaluate -24 - (-67 - (32 - 11 - 25)).
39
What is -17 - (94 + -115 + 36)?
-32
Evaluate (2 - 5) + 2 - ((-6 - 31) + 30).
6
Calculate (-22 + 1 - (267 - 281)) + 116 + 0.
109
Evaluate (0 + 18 - 30) + (-1 - -7) - 29.
-35
Evaluate 36 + (-34 - (-10 - 5)) + -7.
10
What is the value of (45 - -34) + (8 - (11 - -6))?
70
Calculate -54 - (-101 + 57 + 44).
-54
Calculate -4 - 40 - (117 + -191).
30
What is the value of 828 + -830 - (-4 + (-2 + 2 - -1))?
1
Evaluate 6 - 14 - 9 - -7 - (-5 - -129 - 6).
-128
What is the value of 11 - (1 + -10 - (49 - (178 - 76)))?
-33
Evaluate 6 + -6 + (39 - (-5 + 11)) + -10.
23
(-14 - -16) + 73 + -62
13
What is -97 - -95 - (-1 + 1 + -4 + 10 + -5)?
-3
-176 + 183 + -22 + 0 - 18
-33
Calculate 0 - (-2 + 0) - (-3 + (-94 - -39) + -28).
88
Evaluate (-16 - -29) + 43 - -13 - (-2 - -18).
53
What is -6 - 6 - (11 + (74 - 130 - (-1 + 10)))?
42
What is the value of -32 + -33 + 79 + 25?
39
What is 4 + 152 - (3 + (11 - (-11 + (-7 - -19))))?
143
What is the value of -118 + (-18 - -52) + 17 + 5?
-62
What is (12 - 0 - 0) + (13 - (10 + 23)) + 47?
39
Calculate 75 + -77 - (3 + -3).
-2
Evaluate 59 + (72 - 39 - 154).
-62
Evaluate 6 - (-31 - -27 - (-6 + 3)) - -7.
14
Evaluate 17 + -41 + 27 - -3 - -57.
63
Calculate 0 + 35 - (-1976 - -1965).
46
Calculate (6 - 5 - 1) + (-66 - -5) - -11.
-50
Evaluate -1 + (-18 - -49 - -4 - 1).
33
Evaluate -83 + -180 + 172 + (1 - -25).
-65
Evaluate (24 - -5) + -3 - 1 - (-2924 + 2813).
136
What is (70 + -24 + -14 - 35) + -1 + 17?
13
(-53 - (12 + -18)) + -23 - -33
-37
Evaluate (4 + 1 - 1 - 1 - 13) + 51 + 89.
130
What is (17 + 74 - 29 - (7 + (0 - -1))) + -10?
44
Evaluate 326 + -309 + (0 - 10) + 102 + -7.
102
Calculate (-1 - (6 + -54 - -42)) + (-1 - -127).
131
Calculate (4 - (89 - 89 - (-1 - 95))) + 16.
-76
What is the value of (-7 - 6) + (12 - -8 - 52 - 32)?
-77
Calculate (-56 - (72 + -28)) + 55.
-45
-35 + 12 + -6 + (-2 - 9) + 0 + 16
-24
-15 + 14 - 65 - (23 - 30 - -9)
-68
What is (29 - -7) + (-15 - (12 + -16 + -15))?
40
What is the value of (2 - 2) + -37 + 60 + -30 - 28?
-35
Calculate 31 + -30 + 127 - 54.
74
What is the value of 16 + (-79 + 93 - 12)?
18
What is the value of (-61 - -1) + -5536 + 5581?
-15
Evaluate (-6 - (0 - (-3 - 1))) + (58 + 6 - -9).
63
What is -4 + -1 + (-1 - ((22 - -5) + -11)) + 82?
60
What is 1 + -3 + -369 + 441 - ((2 - 1) + -5)?
74
Evaluate -7 + -3 - (-67 + (-8 - -5) + 4).
56
(110 - (27 - 0) - -28) + (-8 - (-5 - 0))
108
Calculate 22 + -160 + (0 - -11) + (-32 - -37).
-122
1 - (-64 + (-127 - -206) - (5 + 2 - 0))
-7
What is -106 + 11 + -1 + 6 + -12 + -1 + -3?
-106
37 - 30 - (29 - (15 + -9))
-16
-49 - -24 - -122 - 21
76
9 + 19 + -43 - (-116 + (-9 - -5))
105
What is the value of 1935 + -1940 + 29 + -1 + 1 + 6?
30
Calculate (-39 - -56 - 14) + 24.
27
Calculate (1 - 2) + -61 - (-4 - (2 - 50 - -31)).
-75
What is -74 + -1 + 18046 + -17851?
120
What is the value of 8 - -1 - 7 - (-10 - -7)?
5
Evaluate 0 + 10 - (-4053 - -4100).
-37
Calculate -6049 + 6107 + -50 + -1.
7
Calculate -14 - -28 - (-21 + 59 + 18) - 2.
-44
What is 90 - (67 + 20) - (-56 - -4 - (-2 + 2))?
55
Evaluate -41 - (-19 - -42 - 78).
14
Evaluate -14 + (7 - (-6 + 2)) + 54 + -45 + -10.
-4
What is 17 + (0 - -4 - 10 - (1 - 0)) - 32?
-22
(66 + -22 - 125) + 42 - (1 + -3 - 0)
-37
Evaluate (22 - (27 + -2 - (-5 - 12))) + 14.
-6
What is 1 - (4 - (-5 + -88 + 2)) - (45 - 31)?
-108
What is -65 + (78 - 59) - -15?
-31
Calculate -7 - 38 - ((-26 - -26) + -29 + 34).
-50
What is the value of -128 + -109 + 330 - 61?
32
Calculate ((62 - 36) + 3 - -47) + 15.
91
What is -46 + 185 + -127 - ((56 - 2) + -2)?
-40
Calculate 42707 + -42659 + 0 + -36 + 1.
13
What is the value of -8 - (6 + -13) - (2 - 5) - -1 - 27?
-24
-11 - (7 + (-17 - -7) + 1) - (2 + 9)
-20
Calculate (1 - (-1 + 6)) + -64 + (-47 - -35) - -2.
-78
((10 - 10) + -1 - (-17 + 8)) + 32
40
What is (73 - 45) + -37 - -6?
-3
Calculat